{"id":294,"date":"2022-04-21T18:27:19","date_gmt":"2022-04-22T01:27:19","guid":{"rendered":"https:\/\/www.adobeguadalupe.com\/tienda\/?post_type=product&#038;p=294"},"modified":"2023-11-16T18:51:14","modified_gmt":"2023-11-17T02:51:14","slug":"jardin-de-tru","status":"publish","type":"product","link":"https:\/\/adobeguadalupe.com\/tienda\/product\/jardin-de-tru\/","title":{"rendered":"Jard\u00edn de Tru"},"content":{"rendered":"<div class=\"wpb-content-wrapper\"><div id=\"pestanias\" class=\"vc_row wpb_row vc_row-fluid container\"><div class=\"wpb_column vc_column_container vc_col-sm-12\"><div class=\"vc_column-inner \"><div class=\"wpb_wrapper\"><div class=\"vc_tta-container\" data-vc-action=\"collapse\"><div class=\"vc_general vc_tta vc_tta-tabs vc_tta-color-grey vc_tta-style-classic vc_tta-shape-rounded vc_tta-spacing-1 vc_tta-tabs-position-top vc_tta-controls-align-left\"><div class=\"vc_tta-tabs-container\"><ul class=\"vc_tta-tabs-list\"><li class=\"vc_tta-tab vc_active\" data-vc-tab><a href=\"#notascata596d-70e9\" data-vc-tabs data-vc-container=\".vc_tta\"><span class=\"vc_tta-title-text\">NOTAS DE CATA<\/span><\/a><\/li><li class=\"vc_tta-tab\" data-vc-tab><a href=\"#descripciontecnica596d-70e9\" data-vc-tabs data-vc-container=\".vc_tta\"><span class=\"vc_tta-title-text\">DESCRIPCI\u00d3N T\u00c9CNICA<\/span><\/a><\/li><\/ul><\/div><div class=\"vc_tta-panels-container\"><div class=\"vc_tta-panels\"><div class=\"vc_tta-panel vc_active\" id=\"notascata596d-70e9\" data-vc-content=\".vc_tta-panel-body\"><div class=\"vc_tta-panel-heading\"><h4 class=\"vc_tta-panel-title\"><a href=\"#notascata596d-70e9\" data-vc-accordion data-vc-container=\".vc_tta-container\"><span class=\"vc_tta-title-text\">NOTAS DE CATA<\/span><\/a><\/h4><\/div><div class=\"vc_tta-panel-body\"><div class=\"uavc-list-icon uavc-list-icon-wrapper ult-adjust-bottom-margin wrapper_notacata  \"><ul class=\"uavc-list\"><li><div class=\"uavc-list-content\" id=\"list-icon-wrap-1590\">\n<div class=\"uavc-list-icon  \" data-animation=\"\" data-animation-delay=\"03\" style=\"margin-right:11px;\"><div class=\"ult-just-icon-wrapper  \"><div class=\"align-icon\" style=\"text-align:center;\">\n<div class=\"aio-icon-img \" style=\"font-size:70px;display:inline-block;\" >\n\t<img decoding=\"async\" class=\"img-icon\" alt=\"null\" src=\"https:\/\/adobeguadalupe.com\/tienda\/wp-content\/uploads\/2022\/04\/icon-vista.svg\"\/>\n<\/div><\/div><\/div>\n<\/div><span  data-ultimate-target='#list-icon-wrap-1590 .uavc-list-desc'  data-responsive-json-new='{\"font-size\":\"\",\"line-height\":\"\"}'  class=\"uavc-list-desc ult-responsive\" style=\"\">Limpio, brillante, rojizo<\/span><\/div><\/li><li><div class=\"uavc-list-content\" id=\"list-icon-wrap-9388\">\n<div class=\"uavc-list-icon  \" data-animation=\"\" data-animation-delay=\"03\" style=\"margin-right:11px;\"><div class=\"ult-just-icon-wrapper  \"><div class=\"align-icon\" style=\"text-align:center;\">\n<div class=\"aio-icon-img \" style=\"font-size:70px;display:inline-block;\" >\n\t<img decoding=\"async\" class=\"img-icon\" alt=\"null\" src=\"https:\/\/adobeguadalupe.com\/tienda\/wp-content\/uploads\/2022\/04\/icon-narizyboca.svg\"\/>\n<\/div><\/div><\/div>\n<\/div><span  data-ultimate-target='#list-icon-wrap-9388 .uavc-list-desc'  data-responsive-json-new='{\"font-size\":\"\",\"line-height\":\"\"}'  class=\"uavc-list-desc ult-responsive\" style=\"\">Vino con buena acidez, taninos suaves. Arom\u00e1tico, resaltan notas a fruta roja, frambuesa, cereza.<\/span><\/div><\/li><li><div class=\"uavc-list-content\" id=\"list-icon-wrap-3104\">\n<div class=\"uavc-list-icon  \" data-animation=\"\" data-animation-delay=\"03\" style=\"margin-right:11px;\"><div class=\"ult-just-icon-wrapper  \"><div class=\"align-icon\" style=\"text-align:center;\">\n<div class=\"aio-icon-img \" style=\"font-size:70px;display:inline-block;\" >\n\t<img decoding=\"async\" class=\"img-icon\" alt=\"null\" src=\"https:\/\/adobeguadalupe.com\/tienda\/wp-content\/uploads\/2022\/04\/icon-maridaje.svg\"\/>\n<\/div><\/div><\/div>\n<\/div><span  data-ultimate-target='#list-icon-wrap-3104 .uavc-list-desc'  data-responsive-json-new='{\"font-size\":\"\",\"line-height\":\"\"}'  class=\"uavc-list-desc ult-responsive\" style=\"\">Ideal para disfrutar en cualquier ocasi\u00f3n.<\/span><\/div><\/li><\/ul><\/div><\/div><\/div><div class=\"vc_tta-panel\" id=\"descripciontecnica596d-70e9\" data-vc-content=\".vc_tta-panel-body\"><div class=\"vc_tta-panel-heading\"><h4 class=\"vc_tta-panel-title\"><a href=\"#descripciontecnica596d-70e9\" data-vc-accordion data-vc-container=\".vc_tta-container\"><span class=\"vc_tta-title-text\">DESCRIPCI\u00d3N T\u00c9CNICA<\/span><\/a><\/h4><\/div><div class=\"vc_tta-panel-body\"><div class=\"uavc-list-icon uavc-list-icon-wrapper ult-adjust-bottom-margin wrapper_descripciontecnica  \"><ul class=\"uavc-list\"><li><div class=\"uavc-list-content\" id=\"list-icon-wrap-5434\">\n<div class=\"uavc-list-icon  \" data-animation=\"\" data-animation-delay=\"03\" style=\"margin-right:11px;\"><div class=\"ult-just-icon-wrapper  \"><div class=\"align-icon\" style=\"text-align:center;\">\n<div class=\"aio-icon-img \" style=\"font-size:37px;display:inline-block;\" >\n\t<img decoding=\"async\" class=\"img-icon\" alt=\"null\" src=\"https:\/\/adobeguadalupe.com\/tienda\/wp-content\/uploads\/2022\/04\/icon-barrica.svg\"\/>\n<\/div><\/div><\/div>\n<\/div><span  data-ultimate-target='#list-icon-wrap-5434 .uavc-list-desc'  data-responsive-json-new='{\"font-size\":\"\",\"line-height\":\"\"}'  class=\"uavc-list-desc ult-responsive\" style=\"\">Vino tinto, mezcla de Malbec, Cinsault, Syrah y Merlot. Diez meses en barrica de roble franc\u00e9s blanco. Capacidad de a\u00f1ejamiento: dos a\u00f1os despu\u00e9s de su liberaci\u00f3n.<\/span><\/div><\/li><\/ul><\/div><\/div><\/div><\/div><\/div><\/div><\/div><\/div><\/div><\/div><\/div><div class=\"vc_row wpb_row vc_row-fluid container\"><div class=\"wpb_column vc_column_container vc_col-sm-12\"><div class=\"vc_column-inner \"><div class=\"wpb_wrapper\">\n\t<div class=\"wpb_raw_code wpb_raw_js\" >\n\t\t<div class=\"wpb_wrapper\">\n\t\t\t<script src=\"https:\/\/www.vivino.com\/external\/vivino-widgets.js\" type=\"text\/javascript\" async><\/script>\n\t\t<\/div>\n\t<\/div>\n<\/div><\/div><\/div><\/div>\n<\/div>","protected":false},"excerpt":{"rendered":"<h6><b>Palabras de Tru:<\/b><\/h6>\n<p><span style=\"font-weight: 400;\"><em>&#8220;Un vino creado para los momentos dif\u00edciles que todos pasamos durante la pandemia. Un vino muy f\u00e1cil de beber; su mezcla cambiar\u00e1 de a\u00f1o en a\u00f1o lo que lo hace muy especial.&#8221;<\/em><\/span><\/p>\n<p><a class=\"byeeng\" href=\"https:\/\/adobeguadalupe.com\/FT-JardindeTru.pdf\" target=\"_blank\" rel=\"noopener noreferrer\">Descargar ficha t\u00e9cnica<\/a><\/p>\n<p><a class=\"byeesp\" href=\"https:\/\/adobeguadalupe.com\/FT-JardindeTru.pdf\" target=\"_blank\" rel=\"noopener noreferrer\">Download wine tasting notes<\/a><\/p>\n","protected":false},"featured_media":311,"template":"","meta":[],"product_brand":[],"product_cat":[25,30],"product_tag":[],"class_list":{"0":"post-294","1":"product","2":"type-product","3":"status-publish","4":"has-post-thumbnail","6":"product_cat-vino","7":"product_cat-vino-tinto","9":"first","10":"instock","11":"shipping-taxable","12":"purchasable","13":"product-type-simple"},"_links":{"self":[{"href":"https:\/\/adobeguadalupe.com\/tienda\/wp-json\/wp\/v2\/product\/294","targetHints":{"allow":["GET"]}}],"collection":[{"href":"https:\/\/adobeguadalupe.com\/tienda\/wp-json\/wp\/v2\/product"}],"about":[{"href":"https:\/\/adobeguadalupe.com\/tienda\/wp-json\/wp\/v2\/types\/product"}],"wp:featuredmedia":[{"embeddable":true,"href":"https:\/\/adobeguadalupe.com\/tienda\/wp-json\/wp\/v2\/media\/311"}],"wp:attachment":[{"href":"https:\/\/adobeguadalupe.com\/tienda\/wp-json\/wp\/v2\/media?parent=294"}],"wp:term":[{"taxonomy":"product_brand","embeddable":true,"href":"https:\/\/adobeguadalupe.com\/tienda\/wp-json\/wp\/v2\/product_brand?post=294"},{"taxonomy":"product_cat","embeddable":true,"href":"https:\/\/adobeguadalupe.com\/tienda\/wp-json\/wp\/v2\/product_cat?post=294"},{"taxonomy":"product_tag","embeddable":true,"href":"https:\/\/adobeguadalupe.com\/tienda\/wp-json\/wp\/v2\/product_tag?post=294"}],"curies":[{"name":"wp","href":"https:\/\/api.w.org\/{rel}","templated":true}]}}