{"id":263,"date":"2022-04-21T06:27:13","date_gmt":"2022-04-21T13:27:13","guid":{"rendered":"https:\/\/www.adobeguadalupe.com\/tienda\/?post_type=product&#038;p=263"},"modified":"2023-07-14T12:54:31","modified_gmt":"2023-07-14T19:54:31","slug":"tequila-tia-tula","status":"publish","type":"product","link":"https:\/\/adobeguadalupe.com\/tienda\/product\/tequila-tia-tula\/","title":{"rendered":"Tequila Tia Tula"},"content":{"rendered":"","protected":false},"excerpt":{"rendered":"<p><strong>100% Agave<\/strong><\/p>\n<p>Agave Tequilana Weber Variedad Azul, cultivado dentro del territorio comprendido en la Declaraci\u00f3n General de Protecci\u00f3n a la Denominaci\u00f3n de Origen \u201cTequila\u201d, registrado ante el Consejo Regulador del Tequila, A.C.<\/p>\n<p><strong>MADURACION EN BARRICA<\/strong><\/p>\n<p>Tipo de Madera: Roble Franc\u00e9s que previamente contuvo vino Rafael de la bodega Adobe Guadalupe, en Valle de Guadalupe, Baja California.<\/p>\n<p>Contenido Alcoh\u00f3lico: 38 % Alc. Vol.<\/p>\n","protected":false},"featured_media":278,"template":"","meta":[],"product_brand":[],"product_cat":[44],"product_tag":[],"class_list":{"0":"post-263","1":"product","2":"type-product","3":"status-publish","4":"has-post-thumbnail","6":"product_cat-mezcal","8":"first","9":"instock","10":"shipping-taxable","11":"purchasable","12":"product-type-simple"},"_links":{"self":[{"href":"https:\/\/adobeguadalupe.com\/tienda\/wp-json\/wp\/v2\/product\/263","targetHints":{"allow":["GET"]}}],"collection":[{"href":"https:\/\/adobeguadalupe.com\/tienda\/wp-json\/wp\/v2\/product"}],"about":[{"href":"https:\/\/adobeguadalupe.com\/tienda\/wp-json\/wp\/v2\/types\/product"}],"wp:featuredmedia":[{"embeddable":true,"href":"https:\/\/adobeguadalupe.com\/tienda\/wp-json\/wp\/v2\/media\/278"}],"wp:attachment":[{"href":"https:\/\/adobeguadalupe.com\/tienda\/wp-json\/wp\/v2\/media?parent=263"}],"wp:term":[{"taxonomy":"product_brand","embeddable":true,"href":"https:\/\/adobeguadalupe.com\/tienda\/wp-json\/wp\/v2\/product_brand?post=263"},{"taxonomy":"product_cat","embeddable":true,"href":"https:\/\/adobeguadalupe.com\/tienda\/wp-json\/wp\/v2\/product_cat?post=263"},{"taxonomy":"product_tag","embeddable":true,"href":"https:\/\/adobeguadalupe.com\/tienda\/wp-json\/wp\/v2\/product_tag?post=263"}],"curies":[{"name":"wp","href":"https:\/\/api.w.org\/{rel}","templated":true}]}}